 + -10.
-10
Evaluate (1 - 3) + -9 + (0 - 5) + 5.
-11
9 + -4 + (1 - 16) + 17 + -10
-3
Calculate (1 - (-2 + 9) - -2) + (-18 - -18).
-4
Calculate -68 + 101 + -46 + (-1 - -1 - 2).
-15
What is (-19 - -21 - (-1 + 10)) + 4?
-3
27 - (-11 + 25) - 10
3
-15 - (-6 - (-10 + -11 + 10))
-20
Calculate (-8 + 23 - 24) + 1 + -1.
-9
-3 + (-6 + 6 + -14 - -33)
16
What is the value of 8 - (8 + 0 + -1 + 229 + -233)?
5
What is the value of 3 + 5 - (-13 - (-11 + -3))?
7
-17 + (-28 - -34) + 1 + 0 + 11
1
What is 5 - ((10 - (4 - (-6 + 6))) + 5)?
-6
-4 + 4 + 1 + 2 - 15
-12
What is (3 - (2 + 9)) + 11?
3
Calculate (1 - 13) + 2 + -11 + 7.
-14
What is 0 - 1 - (-5 + -8 - -1)?
11
33 - (-3 + 20 - -2)
14
Evaluate 8 - 6 - (-19 - 1) - -1 - -4.
27
(-32 - -1) + 398 + -387
-20
What is (-9 - 1) + 19 - 23?
-14
What is (-23 - (11 - (3 - -17))) + 15?
1
Calculate -11 + (1 + 9 - (-19 - -9)).
9
What is 48 - 42 - (-3 + 0 + 2 + -3)?
10
37 + -7 + 24 + -31
23
Evaluate -13 + 7 - (7 + -17).
4
-83 + 128 - (4 + 6)
35
-88 + (89 - 6) - (0 - 5 - -1)
-1
What is (11 - -4) + 8 + (-1 - (0 - -1))?
21
-106 - -94 - (-33 + 1 + 5)
15
Calculate 5 + -2 - (1 - (7 + -7) - -3).
-1
What is -11 + 1 - ((26 - 28) + 1)?
-9
1 + -11 - (-10 - (-23 - -14))
-9
Evaluate 10 + 8 - ((8 - 11) + -3).
24
What is -1 + 7 - (-14 - (-44 - -26))?
2
3 - (5 + 0 + (-23 - -9))
12
Evaluate -7 + -44 - -19 - 1.
-33
What is the value of 10 - (-15 + (-5 - -32))?
-2
What is the value of 2 - (-6 - ((-4 + -1 - -10) + -10))?
3
What is the value of -2 + (2 - -3 - (16 + 1)) + -3?
-17
Calculate 1 + 5 - (56 - 39).
-11
What is (-3 + 12 - (-6 - 2)) + (-3 - -1)?
15
Evaluate 14 - (59 - 42 - (-3 - -8)).
2
Evaluate -6 - (-1 - 18 - (-124 - -134)).
23
Evaluate -7 + 5 + -1 + 11 - 4.
4
What is 4 - 13 - -3 - (-4 + -6 - -5)?
-1
Evaluate 7 + -12 + 42 + -40 + 0 + 8.
5
Calculate -182 - -199 - (1 - -7).
9
What is -11 - ((-19 + 16 - -3) + -8)?
-3
-2 + 5 - (6 + 0 - (-54 - -48))
-9
Calculate (18 - (0 - -13)) + -2.
3
Calculate 1 + 34 + (-88 - -67).
14
Evaluate 26 + -30 + -14 + 30.
12
What is the value of 6 - (3 - 9) - 5?
7
What is (-2 + -2 + 2 - (-29 - -31)) + 18?
14
Evaluate (39 - 29) + (0 - 3 - 16).
-9
What is the value of (-5 - (2 + -1)) + (13 - 27)?
-20
Calculate -8 + -1 + (7 + -5 - -6).
-1
Evaluate (-30 - -21 - -15 - (-1 + 40)) + 5.
-28
17 + (-3 - (17 - 21) - 53)
-35
What is the value of 2 - (0 - -5) - 2 - (-22 + 11)?
6
Calculate -4 - -2 - (10 + 13 + -15) - -27.
17
6 + (-38 - -47 - (7 - 2))
10
Evaluate (-19 - -7) + -13 + 5 + 5.
-15
Calculate (-1 - -2) + -3 + (-14 - -6) + -12.
-22
4 + -7 - 5 - 1
-9
What is -2 + 3 + -2 - ((21 - 11) + -5)?
-6
What is the value of -13 + (-16 - -21) - -10?
2
Evaluate (-12 - (-11 - -9) - 15) + -5.
-30
What is the value of 13 + -10 + -4 - 5 - (-2 + 1)?
-5
Calculate (-1 - 0) + 1 + (2 - -8) + -18.
-8
Calculate -15 + 0 + -17 + 45.
13
Evaluate -5 - (9 - (8 + -9 - -6)) - 7.
-16
What is -3 - (13 - (12 + 8) - 4)?
8
What is -6 - (-13 - 14 - -12)?
9
Evaluate 5 - ((9 - 3) + 1).
-2
What is (-241 - -250) + -8 + -1 + 31 + -3?
28
What is (-17 - (5 - 4) - -18) + -18?
-18
26 + (22 - 16) + -6 + 1 + -4
23
Calculate ((-6 - -2) + -5 - -2) + 19.
12
-12 - -7 - ((8 - 4) + -6 - -9)
-12
Calculate 16 - (2 + -3) - 8.
9
What is (6 - -8) + -4 - (4 + 4 + -1)?
3
(-2 - 2) + (-3 + -4 - 3)
-14
What is the value of -8 + 26 + (0 - (3 - 0))?
15
What is 1 - -3 - (-30 + 26) - (-2 + 25)?
-15
Calculate 6 + 11 + -13 + -10.
-6
Calculate -44 + 3 - ((16 - (31 + -15)) + -4).
-37
What is -10 + (16 - 4) + -8 + 24?
18
What is -4 - (-7 - -11 - 5) - 8?
-11
Calculate 28 - (-26 - -33 - ((15 - 2) + -2)).
32
Evaluate (-12 - -20) + 0 + -3 - 5 - -6.
6
What is 28 - (8 - (-15 - -15))?
20
-26 + (-34 - -38 - -22)
0
(33 - (-17 - -36)) + 11
25
What is the value of -17 + 18 + -10 + -18?
-27
-154 + 145 - (2 - (-1 - 0))
-12
What is -5 + 7 + 4 + (-3 - (6 + 4))?
-7
What is the value of -16 - (1 + -2 + -4 - -11) - -7?
-15
What is the value of (2 - -1) + (-224 - -229) - 19?
-11
39 - (8 + 21 - 1)
11
Calculate (-4 - (-1 - (1 + -4)) - 4) + -2.
-12
Calculate (-25 - -20) + (-10 - 1).
-16
-6 - (-6 - (-16 - 3 - -8))
-11
27 + -19 + 0 - (-3 + 1 + 19)
-9
What is (1 + -4 - 4) + (8 - (7 + -20))?
14
What is the value of 341 + -332 - (4 + 4 - (0 + -1))?
0
Evaluate 10 - (16 + -9) - 8 - (3 - 2).
-6
What is (-3 - -1) + -2 + -12 + 7 + -1?
-10
Evaluate (-1 + 8 - 0) + 140 + -170.
-23
(-3 - -2 - -3) + (-21 - -22) + 7
10
What is the value of 3 + 24 + (396 - 397)?
26
Evaluate (-12 - -3) + 10 - (4 - 4).
1
(12 - (11 - 3) - -6) + -6
4
What is the value of 7 + 2 + -11 + -9 + 8?
-3
What is (13 - (1 - -14)) + -12?
-14
What is (0 - (11 - 0) - -1) + 1021 + -1025?
-14
What is 6 - ((32 + -8 - 2) + -5)?
-11
-6 + 1 - (-2705 - -2666)
34
8 + 3 + 1 + -179 + 152
-15
Evaluate (-9 - 1 - (-3 + -25 + 14)) + 15.
19
Evaluate -2 - -1 - (-43 - -20 - -36 - 7).
-7
What is the value of -27 + -18 + 10 + 65?
30
15 - (32 + 1 + -10)
-8
Calculate (4 - (3 - 0)) + (7 - -6).
14
What is the value of 6 - (12 - 10 - (-3 + -1 + -2))?
-2
Evaluate -40 + -10 + 83 - 55.
-22
(23 - 10 - 10) + -13
-10
51 - 130 - (-75 + 32)
-36
What is 15 - (-13 - (-15 - 1))?
12
What is 10 - 0 - (41 + 5 + -3)?
-33
12 - 0 - (70 + -52)
-6
What is -1 - (10 + -3) - (2 - 3 - -1)?
-8
Evaluate 7 + -3 + -7 + (-6 - -12).
3
Evaluate 13 + (40 - 31 - (15 + 3)).
4
Calculate 1 + -29 + 23 + -1 + 5.
-1
Evaluate 1 + 4 + 8 + -21 + 32 + -13.
11
What is 19 + (-1 + -4 - 0) + (-44 - -54)?
24
Calculate (85 - 56) + (4 - 48).
-15
What is the value of -19 - ((-1 - 12) + 4)?
-10
Evaluate -20 + 0 + (-78 - (-128 + 62)).
-32
What is -1 + -4 + (5 - 10) + 2 + -2?
-10
What is 4 + (-2 - -7 - (0 + (25 - 16)))?
0
Evaluate 8 + (8 + -10 - 12).
-6
Calculate 11 - (-10 - (-9 - -13 - 10)).
15
Evaluate (-31 - -43) + (-12 - -8 - -13).
21
Evaluate 215 + -243 - (-3 - 1).
-24
(-72 + 81 - (0 + 12)) + -6 - 0
-9
1 - 2 - -5 - 2 - (8 + 1)
-7
Calculate -2 + 2 - (-35 - (-1 + -31)).
3
Calculate 20 + 0 + (147 - 166).
1
Evaluate (2 - -2) + -20 + 6.
-10
Evaluate -7 - (-32 - (5 - 15)) - -13.
28
What is the value of -13 + 2 + (14 - 18) + 0 + 7?
-8
What is the value of 37 + -47 - (-4 - -1)?
-7
Evaluate 6 - -4 - (-20 + 15) - 38.
-23
(16 - 15) + (13 - (4 + 0))
10
What is (-8 - (-21 - -3)) + (2 - 1) + -3?
8
What is the value of -43 - -50 - (0 + -3 + 8 + -1)?
3
What is the value of 53 + -47 + 3 - (12 - 0)?
-3
Calculate 14 + 8 + (-7 - 9 - 4).
2
Calculate 6 + 9 + (10 - 51) + -1 + -7.
-34
What is -2 - ((6 - 13) + -1)?
6
9 + (9 + -27 - (6 + -3))
-12
Calculate 3 + -9 - (-15 - (9 + -18)).
0
Calculate -11 - (-2 + 4 - (5 + -3 + -1)).
-12
What is the value of -2 + (-2 - 0) - 11?
-15
What is the value of (-3 - (-16 - (-13 - 5))) + 7?
2
What is the value of 3 + 3 + -10 - (13 - 14)?
-3
What is -51 - -51 - (-9 + 1)?
8
What is the value of -1 + (0 - -1) - (13 + (-53 - -34))?
6
What is the value of (0 - -13) + -153 + 146 + 0?
6
What is 7 + -1 + 1 + -8 + (-1 - -14)?
12
Evaluate 1 - 33 - (7 - (12 + 17 + -23)).
-33
-26 + (4 - (-38 - 3))
19
2 - (-2 + 11 - -15 - (3 - 1))
-20
What is the value of -17 + (-2 + -6 - (-13 - -5))?
-17
What is the value of (22 - (-5 + 10)) + (18 - 10) + -9?
16
Calculate 17 - (-12 - (10 + 0 - 20)).
19
Calculate -15 - (-21 - (-3 - (-17 - -22))).
-2
Evaluate -22 - (-16 + -1) - -8.
3
-30 + 30 + 7 + 0
7
What is the value of -1 + -19 + (-308 - -280) + 0 + 20?
-28
(3 - 5 - (14 + -17)) + (-2 - -1)
0
What is 2 + -21 + 9 + 21?
11
Calculate (12 - -10) + -10 - 2.
10
What is 11 + (-2 - ((1 - (1 - 2)) + -4))?
11
What is the value of (15 + -17 - -14) + 1?
13
Evaluate (2 - (9 + 3 + -19)) + -20.
-11
3 - ((-3 + 4 - -2) + -3) - 4
-1
Calculate 8 + (-19 - 10 - -19) + -13.
-15
Evaluate (-2 + 19 - 9) + 11.
19
What is (3 - 20) + 3 + 3 - (0 + 4)?
-15
What is the value of 19 + -18 + -2 - 5?
-6
Evaluate -23 + 20 + 2 - ((1 - 2) + 10).
-10
What is 12 - (13 + -7) - ((0 - 0) + -4)?
10
Calculate 10 + 2 - (-182 - -177).
17
Calculate -6 + 16 - (1 + 20).
-11
What is 0 + (-40 + 41 - 6)?
-5
22 + -1 - (-184 + 195) - 18
-8
6 + (12 - 6 - 7) + 8
13
Calculate -22 - (-2 + -17 - -11).
-14
Calculate 1 + 2 + (-3 - 7).
-7
What is (-1 - -2 - -2) + 0 - (-85 - -87)?
1
Evaluate -3 + 10 + -4 - 14 - (-2 + 0).
-9
(-1 - 1) + (24 - (-1 - -11)) + -8
4
(3 - 2 - 7) + 14
8
2 + -1 - 4 - (-3 - -3)
-3
(1 - 1) + 0 + -16
-16
-3 - (0 + (2 - 6) + 10 + 2)
-11
What is -1 - -3 - -21 - (-4 + -1 + 2)?
26
What is the val